{"id":21,"date":"2013-12-25T16:46:18","date_gmt":"2013-12-25T15:46:18","guid":{"rendered":"http:\/\/privat.gardijan.com\/?page_id=21"},"modified":"2013-12-25T16:46:18","modified_gmt":"2013-12-25T15:46:18","slug":"urlaub","status":"publish","type":"page","link":"https:\/\/privat.gardijan.com\/?page_id=21","title":{"rendered":"Urlaub"},"content":{"rendered":"<p>Wor\u00fcber sich berichten l\u00e4\u00dft:<\/p>\n<p>Vodice, Kroatien &#8211; <a title=\"www.gardijan.com\" href=\"www.gardijan.com\" target=\"_blank\">www.gardijan.com<\/a><\/p>\n<p>USA, Westk\u00fcste<\/p>\n<p>UK, London<\/p>\n<p>Frankreich, Cote d&#8217;Azur<\/p>\n<p>&nbsp;<\/p>\n<p>&nbsp;<\/p>\n","protected":false},"excerpt":{"rendered":"<p>Wor\u00fcber sich berichten l\u00e4\u00dft: Vodice, Kroatien &#8211; www.gardijan.com USA, Westk\u00fcste UK, London Frankreich, Cote d&#8217;Azur &nbsp; &nbsp;<\/p>\n","protected":false},"author":1,"featured_media":0,"parent":0,"menu_order":0,"comment_status":"closed","ping_status":"open","template":"","meta":{"footnotes":""},"class_list":["post-21","page","type-page","status-publish","hentry"],"_links":{"self":[{"href":"https:\/\/privat.gardijan.com\/index.php?rest_route=\/wp\/v2\/pages\/21","targetHints":{"allow":["GET"]}}],"collection":[{"href":"https:\/\/privat.gardijan.com\/index.php?rest_route=\/wp\/v2\/pages"}],"about":[{"href":"https:\/\/privat.gardijan.com\/index.php?rest_route=\/wp\/v2\/types\/page"}],"author":[{"embeddable":true,"href":"https:\/\/privat.gardijan.com\/index.php?rest_route=\/wp\/v2\/users\/1"}],"replies":[{"embeddable":true,"href":"https:\/\/privat.gardijan.com\/index.php?rest_route=%2Fwp%2Fv2%2Fcomments&post=21"}],"version-history":[{"count":1,"href":"https:\/\/privat.gardijan.com\/index.php?rest_route=\/wp\/v2\/pages\/21\/revisions"}],"predecessor-version":[{"id":23,"href":"https:\/\/privat.gardijan.com\/index.php?rest_route=\/wp\/v2\/pages\/21\/revisions\/23"}],"wp:attachment":[{"href":"https:\/\/privat.gardijan.com\/index.php?rest_route=%2Fwp%2Fv2%2Fmedia&parent=21"}],"curies":[{"name":"wp","href":"https:\/\/api.w.org\/{rel}","templated":true}]}}